t is the remainder when r is divided by 14?
13
Let r(b) = 18*b**2 + 28*b - 177. Calculate the remainder when 851 is divided by r(4).
182
Let o(p) = -10*p**3 - 2*p**2 - p - 8. Calculate the remainder when 330 is divided by o(-2).
0
Let h be (1/3)/(6/846). Let z = -39 - -49. Suppose z*k = h + 63. What is the remainder when k is divided by 4?
3
Let m = 1186 + -1163. Calculate the remainder when 182 is divided by m.
21
Let x(n) = -5*n**3 + 69*n**2 - 30*n - 19. What is the remainder when x(13) is divided by 40?
27
Suppose -63 + 307 = 4*d. Suppose -3*j - 23 = -8, -5*u = 4*j + 70. Let w = u - -17. What is the remainder when d is divided by w?
5
Suppose -2*q - 304 = -6*q - 2*d, d - 298 = -4*q. What is the remainder when q is divided by (-6)/(-5)*(-1 - -6)?
1
Suppose -3085*r = -2976*r - 90579. What is the remainder when r is divided by 121?
105
Suppose 7854 = 18*n - 5*n + 5423. Calculate the remainder when 592 is divided by n.
31
Let x be (225/(-50))/((-3)/4). Suppose x*c - 2*c = -a + 586, -a + 621 = -3*c. What is the remainder when a is divided by 16?
14
Let f = 109 + -13. Let n be 1*0*(27/(-12) - -2). Suppose n = -5*w - 25, -2*l + w + 39 + 32 = 0. Calculate the remainder when f is divided by l.
30
Let k(l) = 128*l - 367. Let i(o) = -5*o - 7. Let z(p) = -p**2 - 4*p - 8. Let d(j) = 4*i(j) - 3*z(j). What is the remainder when d(5) is divided by k(3)?
14
Let c(s) = s + 1. Let r be c(10). Calculate the remainder when 9*(-90)/(-162) - -16 is divided by (-282)/(-22) + 2/r.
8
Suppose 32*m = 34*m - 16. Let w = 154 + -5. What is the remainder when w is divided by m?
5
Suppose 208*m + 77*m - 676*m = -32062. Suppose 5*a - 4079 = -n - 3*n, -5*a + 2*n + 4103 = 0. What is the remainder when a is divided by m?
81
Let v = 9391 + -9372. Let z(w) = -2*w**2 + 3*w - 12*w**3 + 3*w - 3*w - 5*w. Calculate the remainder when z(-2) is divided by v.
16
Suppose -25069 = -5*y - r, 349*y - 15035 = 346*y + r. Calculate the remainder when y is divided by 132.
129
Suppose -9 = -p - 3*v, 2*p - 4 - 11 = -3*v. What is the remainder when ((-111)/9 - 2)/(2/(-6)) is divided by (-4)/p - (-29)/3?
7
Let o(p) = p**3 - 4*p**2 + 6*p - 1. Let k be o(2). Suppose -w + 57 = -k*i, -w = 4*i + i - 25. What is the remainder when 131 is divided by w?
41
Let c = -35 + 63. Calculate the remainder when ((-13067)/146)/((-2)/4) is divided by c.
11
Suppose 12*h = 5*h + 656 + 11895. Calculate the remainder when h is divided by 225.
218
Suppose -40*y + 84*y = 34*y + 6760. Calculate the remainder when y is divided by 666.
10
Suppose -y - 682 = -w, 0 = -w - 4*y + 727 - 75. What is the remainder when w is divided by 12?
4
Let d(r) = -r**3 - 10*r**2 - 23*r - 14. Let y be d(-7). Suppose g + 4*j = 219, y = -2*g + 3*j - 6*j + 423. Calculate the remainder when g is divided by 6.
3
Let u be (-2 + -28)*(-5)/25*2. Let m be 21*(-3)/u*8. Let r = -23 - m. Calculate the remainder when r is divided by 14.
5
Let f(z) = -z**2 - 9*z - 5. Let s be f(-4). Let w = 27 - s. Let q(o) = o**2 - 10*o - 17. Calculate the remainder when 20 is divided by q(w).
6
Suppose 11*v = 14*v + 6. Let q be (0 + v + 2)/3. Suppose -16 = -b - q*b + 3*x, x + 32 = 3*b. What is the remainder when 14 is divided by b?
4
Suppose -9 = -5*n - 2*m, 1 = 5*n - 3*m + m. Let q(u) = -2 + 2 - 1 + 28*u**2 + 17*u**2 - 17*u**2. What is the remainder when 49 is divided by q(n)?
22
Let a(k) = 3*k**2 - 25*k + 59. Calculate the remainder when 208 is divided by a(3).
10
Suppose 0 = -15*a + 44*a - 0*a - 4611. Calculate the remainder when a is divided by 141.
18
Calculate the remainder when 788 is divided by 2/(-3)*(-466 + 139).
134
Let b(l) = 76*l - 4. Let t be b(1). Let h = t - 70. Suppose 0 = -o + 5*j + 10, -13*j + 14*j = h*o - 11. What is the remainder when 14 is divided by o?
4
Let d(f) = -289*f - 817. Calculate the remainder when d(-3) is divided by 27.
23
Let y(f) = f**3 - f**2 + 4*f + 8. Suppose -2*i = 3*i - 45. Suppose 21 + i = 2*x. Calculate the remainder when x is divided by y(0).
7
Let p be (1/(-4))/(7/28). Calculate the remainder when ((-214)/10)/p + (-15)/(-25) is divided by -2*(-1 - (-22)/(-4)).
9
Suppose -5*z - 2*k - 42 = -2*z, 3*z + 45 = -k. Let w(y) = -y**2 - 22*y - 62. What is the remainder when w(z) is divided by 12?
10
Let y = -8 - -8. Let i be (y - -3)/(-2 + 3). Suppose -m - 14 = 2*h - i*h, h = -4*m - 11. Calculate the remainder when 29 is divided by h.
2
Let s(i) = 1399*i - 2688. What is the remainder when 531 is divided by s(2)?
91
Suppose -25 = 2*j + i, 0*j - 5*j - 65 = 2*i. Let g = j + 47. Suppose 2*y = 2*b - 126, y = 4 - 5. What is the remainder when b is divided by g?
30
Suppose -5*z = 0, 3*q + 4*z = 6*q - 15. Suppose -q*o - 48 = -3*o. Let h = o - -60. Calculate the remainder when h is divided by 19.
17
Let b(a) = 385*a + 2635. What is the remainder when 2978 is divided by b(-3)?
18
Suppose -12 - 18 = v. Let b = -14 - v. Suppose 12*k - 191 = 181. What is the remainder when k is divided by b?
15
Let i = 11333 + -2022. What is the remainder when i is divided by 96?
95
Suppose -6775 = 129*y - 154*y. Calculate the remainder when y is divided by 92.
87
Let d be (36/24)/((-1)/(-2)). Suppose d*q + 57 = 6*q. Calculate the remainder when q is divided by 6.
1
Let y(a) = 2*a**2 + 50*a + 45. What is the remainder when y(-46) is divided by 66?
63
Suppose -41*s + 14360 = -11224. What is the remainder when s is divided by 17?
12
Calculate the remainder when 2/(-5 + 13)*2468 is divided by 313.
304
Let c = -8794 + 8830. Let p(n) = -n**3 - n + 15. What is the remainder when c is divided by p(0)?
6
Let x(c) = 55*c**2 - 5*c + 6. Suppose -16 = -4*w, y + 31*w = 34*w + 2. Calculate the remainder when x(4) is divided by y.
12
Let j(k) = 6*k**3 + k - 2. Suppose -o = 3*o - w - 60, 3*o + 4*w = 64. Let z be ((-1)/2 - -1)/(4/o). Calculate the remainder when j(z) is divided by 7.
6
Let l(m) = -3*m**3 + 74*m**2 - 37*m + 53. What is the remainder when l(24) is divided by 47?
35
Let w = 3036 - 2787. What is the remainder when 543 is divided by w?
45
Let z = 24 + -7. Let d(q) = q**3 - 15*q**2 + 31*q - 231. Calculate the remainder when z is divided by d(14).
3
Let m(v) = -12*v - 49. Let g(w) = 6*w + 24. Let i(l) = -5*g(l) - 3*m(l). What is the remainder when i(1) is divided by 3?
0
Let b(h) = -6*h**3 + 58*h**2 - 14*h - 24. What is the remainder when b(8) is divided by 151?
51
Calculate the remainder when 1995 is divided by (-2230)/(-26) + 1 + (-60)/(-260).
81
Suppose 5*f = 442*n - 445*n + 116, -4*f - 3*n = -91. Calculate the remainder when 372 is divided by f.
22
Suppose -37*s - 10 = -42*s. Suppose s*j - 1 = -2*z - 7, 0 = -3*j - 5*z - 19. Let x(v) = v - 4. What is the remainder when x(7) is divided by j?
1
Suppose -35 + 62 = -3*o. Suppose -3*p + 4*p + 3*w = -10, 2*p = 5*w + 35. What is the remainder when 1*3*(-42)/o is divided by p?
4
Let y = -16 - -12. Let m(i) = i - 40. Let o be m(6). What is the remainder when y/o + (-268)/(-34) is divided by 6?
2
Suppose -x = -9*d + 10*d - 349, 0 = 5*d - x - 1709. Calculate the remainder when d is divided by 29.
24
Let g = 822 + -826. Suppose 132 = b + b. What is the remainder when b is divided by (6 + (-15)/(-9))/(g/(-12))?
20
Let n(t) = -5*t**2 - 431*t + 47. What is the remainder when 793 is divided by n(-86)?
128
Suppose -172653 = -23*x - 30*x - 3901. Calculate the remainder when x is divided by 59.
57
Let v(a) = a**3 + 17*a + 32. Let x(z) = -2*z**2 - z - 1. Let u(s) = -v(s) - 6*x(s). Calculate the remainder when u(9) is divided by 60.
58
Suppose -16950 = -23*o + 23*o - 75*o. What is the remainder when o is divided by 158?
68
Suppose -53*f - 4479 = -144*f + 4712. Calculate the remainder when 299 is divided by f.
97
Suppose -40 = -2*o + 2*f, -5*o + 28 + 58 = -3*f. Calculate the remainder when 834 is divided by o.
2
Suppose 175 = -15*r + 20*r. Suppose 4*o = 9*o - r. What is the remainder when 73 is divided by o?
3
Suppose 814*z = 883*z - 1380. Calculate the remainder when 2394 is divided by z.
14
Let l(j) be the third derivative of -j**5/30 - 29*j**4/24 + 10*j**3 - 11*j**2. What is the remainder when 335 is divided by l(-16)?
11
Suppose 0 = l, 5*l + 13 - 5 = 2*d. Let f = 51 - 14. Suppose -3*m + 18 = 2*x - f, d*m + 3*x = 74. What is the remainder when m is divided by 6?
5
Let i(z) = -2*z**2 + 17*z + 11. Let a be i(9). Suppose -4 = -a*l - 2. Let